.
-10
Let p(w) = w**2 + 7*w - 53. Let f be p(-12). Let m(a) be the second derivative of a**3/3 - 7*a**2/2 + 14*a. Give m(f).
7
Let d = -11 + 14. Let t(l) = 0 - 3*l + 3 - d. What is t(3)?
-9
Let y(i) = -i + 1. Let c = 17 - 12. Let n = c + -5. Give y(n).
1
Let q(h) = -h**2 + 3*h - 6. Let v = 12 - 9. Let n(y) = y**2 - 4*y + 7. Let a(u) = v*n(u) + 4*q(u). Let f be 0/(4/(8/(-4))). Calculate a(f).
-3
Let n(r) = -4*r + 3. Let k = 20 + -15. Suppose k*w - 9 - 1 = 0. Suppose -12 = w*v - 6. Calculate n(v).
15
Let j(v) = v + 2. Let l be j(1). Let x be 28/49 - l/(-7). Let u(g) = -2 + x - 51*g + 48*g. Calculate u(-2).
5
Let l = -239 - -232. Let u(y) = y**3 + 8*y**2 + 9*y + 8. Calculate u(l).
-6
Let h(u) = -u**2 + 12*u - 6. Let w = -309 - -317. What is h(w)?
26
Let a(j) = j**3 - 7*j**2 + 5*j - 4. Let z be (3/18 - 68/(-24)) + 3. Determine a(z).
-10
Let g(r) = r**2 + 5*r - 6. Suppose -2*i + 13 = -2*w + 3*w, -7 = w - 2*i. Suppose -w*c = -3*n - 27, n - 2*c + 1 = -11. What is g(n)?
0
Let i(d) be the third derivative of -1/24*d**4 + 1/6*d**3 + 3*d**2 + 0*d + 0. Determine i(1).
0
Suppose 0 = 2*v + v + 3*q + 15, 0 = v + 2*q + 8. Let c(k) = 3*k**3 + 2*k**2 + 2*k - 2. Give c(v).
-22
Let a(f) = 8*f + 8 + 1 - 9*f**2 + 8*f**2 - 7. Give a(6).
14
Suppose 10 = -4*o + 54. Suppose -o = -5*p + 14. Let j(w) = -w**3 + 6*w**2 - 4*w - 1. Calculate j(p).
4
Let t(o) = -o**3 - 6*o**2 + 5. Let c(h) = -h**3 + 13*h**2 - 19*h - 116. Let n be c(10). Determine t(n).
5
Let q(v) = 2*v - 2*v + 2*v - v - 2. Let t = -203 + 204. Calculate q(t).
-1
Let p(v) = 2*v + 16. Let f(l) = l**3 - 17*l**2 - 2*l + 22. Let a be f(17). Determine p(a).
-8
Let m(n) = -n**3 + n**2 + 3*n - 2. Let l = -98 - -106. Suppose 48 = 6*i - 3*i. Suppose -i = -4*j - l. Calculate m(j).
0
Let l(z) = z**3 + 12*z**2 - 2*z - 12. Let a be (-1)/(-2) + (-11)/(154/175). Calculate l(a).
12
Let j(q) = 76*q**2 - 7 + 7*q - 162*q**2 + 87*q**2 + 10*q. Calculate j(-18).
11
Let q(i) = -1 - i + 4 + 3. Let h be q(2). Let v(l) = -3*l + 2. Calculate v(h).
-10
Let f(t) be the third derivative of -t**4/24 + 7*t**3/3 - 7*t**2. Let l(u) = 2*u - 29. Let z(q) = -7*f(q) - 3*l(q). Give z(6).
-5
Let c(z) = -9*z**2 - z - 2. Suppose 28*m - 40 - 16 = 0. Calculate c(m).
-40
Let d be 24/108 - 6/27. Let k(f) = -f**3 + f**2 - f - 12. Give k(d).
-12
Let q(i) = 2*i**3 + 4*i**2 - 4*i + 4. Let m be ((-6)/(-7))/((-9)/42). Give q(m).
-44
Let y(i) = -i - 2. Let r(b) = b**3 - 4*b**2 + b + 6. Let q be r(3). Let g be (3 - q - -4) + -4. Calculate y(g).
-5
Let a(g) = 7*g**2 + g. Suppose 0 = -49*q - 16*q + 130. Calculate a(q).
30
Let a = 103 - 84. Let y(b) = 18 - b**2 - a - 6*b**3 + 0*b + b + 7*b**3. Determine y(2).
5
Let g(v) = -3. Let l(z) = z + 4. Let c(y) = 4*g(y) + 3*l(y). Give c(-1).
-3
Let s = -24 - -28. Let d(r) = 0*r**3 - 5*r**2 + 2*r**3 + 5*r + 1 + s*r**3 - 5*r**3. Determine d(4).
5
Let d(k) = -5*k**3 + 11*k**2 + 9*k + 12. Let h be -1 + (-9)/(45/80). Let f(j) = 14*j**3 - 32*j**2 - 26*j - 35. Let v(g) = h*d(g) - 6*f(g). What is v(-5)?
-9
Let o(s) = 7*s**2 - 8 - 101094*s + 4*s**3 + 101093*s - 3*s**3. Let a = -40 + 75. Suppose 4*q + a = -q. Calculate o(q).
-1
Let z(f) be the first derivative of f**4/4 + f**3 - 3*f**2/2 + 4*f + 6. Suppose -2*g + 5*t - 12 = 2*g, -2*g + 5*t = 6. What is z(g)?
13
Let r be 1 + (2*-2)/2. Let b = 3 + r. Let j(d) = 6*d - 10. Let g(l) = 7*l - 12. Let k(i) = 5*g(i) - 6*j(i). Give k(b).
-2
Let d(s) = 2*s**2 + 8*s + 1. Let f(v) = 3*v**2 + 8*v. Let o(r) = 4*d(r) - 3*f(r). Determine o(6).
16
Let t(s) = -2*s**2 - 5*s - 2. Let x(n) be the first derivative of n**3/3 + 5*n**2/2 + n + 7. Let l(m) = -2*t(m) - 3*x(m). What is l(7)?
15
Let s(d) = -d**2 - 13*d + 20. Let b be s(-14). Let q(p) be the third derivative of -p**6/120 + 7*p**5/60 - 5*p**4/24 + 17*p**2. What is q(b)?
6
Let g(s) = 7*s - 8. Let h(c) = -32*c + 34. Let x(y) = -9*g(y) - 2*h(y). Determine x(8).
12
Let g(d) = -3*d**2 - 6*d + 1. Let m(a) = 14*a**2 + 25*a - 3. Let b(s) = -9*g(s) - 2*m(s). Calculate b(2).
1
Let r = 2164 + -2165. Let f(t) = 2*t - 20*t - t. Give f(r).
19
Let u(s) = s**2 + s - 1. Let a(i) = -4*i**2 + 6*i + 1. Let g(n) = a(n) + 5*u(n). Give g(-10).
-14
Let l(n) = -n**3 + 8*n**2 + 8*n - 10. Suppose -j + 21 = c + 3*j, 4*j + 33 = 5*c. Calculate l(c).
-19
Let r(s) be the second derivative of -s**3/3 + 8*s**2 + 5*s - 59. Determine r(3).
10
Let m(t) be the third derivative of t**6/40 - t**5/60 + t**4/24 + t**3/6 + 146*t**2 - 2. Give m(-1).
-4
Let s(d) be the second derivative of -d**5/20 + 7*d**4/12 - 7*d**3/6 + 6*d**2 - 6*d - 19. Calculate s(6).
6
Let d(y) = 4*y - 5. Suppose 28*k - 9 = -149. Give d(k).
-25
Let q = 3 + -1. Let o(d) = 7576*d**3 - 1 + 7565*d**3 - 2*d + 2*d**2 - 15140*d**3. Give o(q).
11
Let b be 0/(720/117 - (-4)/(-26)). Let f(w) = w**3 - w**2 + 2*w - 1. Give f(b).
-1
Suppose 0 = -c - 3. Let g(d) be the second derivative of d**4/12 + d**3/2 + 3*d**2/2 + 14*d. What is g(c)?
3
Suppose -365 = -86*q - 264*q + 335. Let a(w) = -w**3 - w**2 + w - 1. Let i(c) = 4*c**3 + 7*c**2 - 4*c + 6. Let r(j) = 5*a(j) + i(j). Determine r(q).
3
Let d be (4/16)/(-1) + 105/4. Let u(x) = 1 + 24*x - 46*x + d*x. Determine u(-2).
-7
Let o(w) = w**3 - 27*w**2 + 25*w + 32. Let s be o(26). Let m(j) = j - 13. Give m(s).
-7
Let z(x) = 2*x + 5. Let i be z(-1). Let u(c) = 3*c + 5. Determine u(i).
14
Let z(a) = 2*a + 11051 - 11067 + 0*a. Determine z(9).
2
Let l(g) = 8*g + 2. Let s be l(-1). Let r(p) = 4 + 4*p + 2 - p + 2. Determine r(s).
-10
Let g(j) = -3*j + 1. Let t = -388 + 381. Calculate g(t).
22
Let b(m) be the third derivative of -m**4/12 - 7*m**3/2 + 41*m**2 + 2. Calculate b(-10).
-1
Let k(b) = b**2. Let u = 158 - 156. Let m(n) = 2*n - 7. Let y be m(6). Suppose 20 = y*f, -u*f - 2*f + 11 = -5*h. Determine k(h).
1
Suppose 20*n = 14*n - 42. Let y(s) = -s**3 - 6*s**2 + 6*s - 3. Give y(n).
4
Let a(y) = y**2 + 5*y + 5. Let i(b) = -b**3 - 13*b**2 - 12*b + 3. Let m be i(-12). Suppose 2*u + 2*s + 16 = -m*u, -5*u = -s + 22. Calculate a(u).
1
Let r(w) be the first derivative of -7*w**3 - w**2 - w + 90. Calculate r(-1).
-20
Let w be -3 - (-2 + 4 + -1). Let n(f) = -3 + 7 + f**2 - 5 + 3 + 6*f + 2. Give n(w).
-4
Let k(d) be the third derivative of 0*d**3 + 0*d - 1/12*d**4 - 4*d**2 + 1/720*d**6 + 0 + 0*d**5. Let m(f) be the second derivative of k(f). What is m(-6)?
-6
Let u(t) be the second derivative of 5*t - t**2 - 2 - 1/12*t**4 + 7/6*t**3. Give u(6).
4
Let d(c) be the first derivative of -8*c**3/3 - c**2 - 3*c + 442. Give d(-2).
-31
Let j(n) be the third derivative of -n**4/24 - 5*n**3/3 - 38*n**2. Let l(k) = -2*k - 15. Let m(w) = 7*j(w) - 5*l(w). What is m(-4)?
-7
Let c(p) = p**3 + 2*p**2 + 3*p + 2. Let d = 55 + -45. Let x = 8 - d. Calculate c(x).
-4
Let i(x) be the third derivative of -1/3*x**3 + 1/24*x**4 - 1/30*x**5 - x**2 + 0*x + 0. Let y be (-3 - (-5 - 28/(-7)))/(-1). Give i(y).
-8
Let g(c) = c**2 + c + 1. Suppose 4*z = 4*y - 4, -17 = y - 11*z + 16*z. Calculate g(y).
3
Let w be (-2)/(-11) - 42/(-11). Let r = w + -4. Let h(m) = m**3 - 1. Let q(n) = 3. Let g(c) = -h(c) + q(c). Determine g(r).
4
Let m(b) be the first derivative of b**7/840 - b**6/120 + b**4/6 + 11*b**3 + 28. Let z(d) be the third derivative of m(d). Determine z(3).
4
Let k(a) = a - 15. Let i be (260/(-104))/(5/(-28)). Calculate k(i).
-1
Let l(v) = -v**2 - 3*v - 7. Suppose 7*a + z + 25 = 2*a, 5*z = 2*a + 37. Calculate l(a).
-25
Let i(c) = 9*c**2 + 372 - 364 - c**3 - 2*c**2 - 4*c. Calculate i(6).
20
Let p = 61 - 58. Let f(t) = 0*t + 3*t - 4*t + 4. Calculate f(p).
1
Let n(f) = -2*f**2 + 6*f + 7. Let x(u) = u**2 - 3*u - 3. Let j(l) = 4*n(l) + 9*x(l). Give j(2).
-1
Let q(g) = -2*g**2. Let w(v) be the first derivative of -v**3/6 + v**2/2 - 5*v + 5. Let u(x) be the first derivative of w(x). Let s be u(-1). Calculate q(s).
-8
Suppose -8 = 5*f + 2*p + 12, 3*f + 2*p + 16 = 0. Let i = 11 + -10. Let n(d) = i - 60*d**2 + d**3 + 2*d - 2*d**3 + 60*d**2. Give n(f).
5
Let n = -293 - -203. Let b = -82 - n. Let q(m) = -m + 1. Determine q(b).
-7
Let f(t) = -7*t**2 - 5*t - 4. Let j(x) = -20*x**2 - 14*x - 12. Let m(s) = -17*f(s) + 6*j(s). Determine m(0).
-4
Let o(f) = -11*f**2 + f + 1. Suppose 3*i = -6, -4*g + 3*g + i = -3. Determine o(g).
-9
Let w(r) = -r**2. Let h = -28 - -58. Let v be (h/(-45))/(4/(-6)). Give w(v).
-1
Let n(i) = -19*i - 22*i + 54*i - 1 -